?
False
Is 57131 composite?
False
Is 127031 composite?
False
Is 12143 prime?
True
Is 13483 composite?
True
Is 49109 a prime number?
True
Is 170822 prime?
False
Is 519 composite?
True
Is 2953 a composite number?
False
Is 116417 composite?
True
Is 1079255 prime?
False
Is 8683 a composite number?
True
Is 1541 prime?
False
Is 6163 composite?
False
Is 42337 a composite number?
False
Is 55427 a composite number?
True
Is 5917 composite?
True
Is 60899 a composite number?
False
Is 305117 a composite number?
True
Is 366941 composite?
False
Is 231637 a composite number?
True
Is 6805 composite?
True
Is 151006 a composite number?
True
Is 52289 a prime number?
True
Is 8419 prime?
True
Is 36187 composite?
False
Is 1471205 a composite number?
True
Is 1178461 prime?
True
Is 672431 composite?
True
Is 691 a composite number?
False
Is 49859 prime?
False
Is 5297 prime?
True
Is 503707 prime?
True
Is 12181 a composite number?
True
Is 91883 composite?
True
Is 102251 composite?
False
Is 14891 composite?
False
Is 1481 a composite number?
False
Is 18653 a composite number?
True
Is 48491 composite?
False
Is 423977 prime?
True
Is 55763 composite?
False
Is 21259 prime?
False
Is 365957 composite?
True
Is 16411 a composite number?
False
Is 27845 prime?
False
Is 267239 composite?
True
Is 591719 a composite number?
True
Is 1537 composite?
True
Is 626973 a composite number?
True
Is 86713 a composite number?
True
Is 16277 a prime number?
False
Is 40643 a composite number?
True
Is 16721 a prime number?
False
Is 2141401 a prime number?
True
Is 1872814 composite?
True
Is 941327 a composite number?
True
Is 18691 prime?
True
Is 2447435 a composite number?
True
Is 772439 composite?
False
Is 220529 a composite number?
False
Is 10847 prime?
True
Is 116147 a composite number?
True
Is 634963 composite?
True
Is 580079 a prime number?
True
Is 117659 a prime number?
True
Is 488921 a composite number?
False
Is 4297 composite?
False
Is 76321 a composite number?
True
Is 10913 a composite number?
True
Is 214 a composite number?
True
Is 1281437 prime?
False
Is 25073 prime?
True
Is 5219 prime?
False
Is 22523 a prime number?
False
Is 5363 a composite number?
True
Is 23137 a composite number?
True
Is 11107 composite?
True
Is 386143 prime?
True
Is 92033 prime?
True
Is 3126397 a prime number?
True
Is 652319 prime?
True
Is 94469 a composite number?
True
Is 123889 a composite number?
True
Is 419 a composite number?
False
Is 121 a composite number?
True
Is 692659 a composite number?
True
Is 259543 prime?
False
Is 109261 composite?
True
Is 17443 a composite number?
False
Is 535083 a composite number?
True
Is 68543 prime?
True
Is 3223 composite?
True
Is 5213 a prime number?
False
Is 354727 a prime number?
True
Is 6347 a prime number?
False
Is 370298 prime?
False
Is 2411 a composite number?
False
Is 2348429 composite?
False
Is 28007 a prime number?
False
Is 4141 prime?
False
Is 167467 a composite number?
True
Is 11851 a prime number?
False
Is 8419 a prime number?
True
Is 11351 composite?
False
Is 119723 a composite number?
False
Is 186457 composite?
True
Is 479903 a composite number?
False
Is 2569 a composite number?
True
Is 381749 a composite number?
False
Is 712511 a prime number?
True
Is 12081 a prime number?
False
Is 6905 a prime number?
False
Is 2819 a composite number?
False
Is 16162 a composite number?
True
Is 32593 a composite number?
True
Is 89653 a composite number?
False
Is 55487 composite?
False
Is 839453 a prime number?
True
Is 3389989 a prime number?
True
Is 50146 a prime number?
False
Is 12037 composite?
False
Is 77641 composite?
False
Is 1965913 a composite number?
False
Is 22409 prime?
True
Is 2028907 a prime number?
True
Is 197437 composite?
True
Is 3793487 composite?
False
Is 2053 composite?
False
Is 36037 composite?
False
Is 1833337 a prime number?
False
Is 326903 a prime number?
True
Is 12581 a composite number?
True
Is 4213 a composite number?
True
Is 84937 a prime number?
False
Is 225881 prime?
False
Is 298478 prime?
False
Is 44653 a prime number?
False
Is 20021 prime?
True
Is 2490889 a composite number?
False
Is 1079 prime?
False
Is 73453 a prime number?
True
Is 2837 prime?
True
Is 31567 a composite number?
False
Is 161473 a prime number?
False
Is 535 composite?
True
Is 6143 composite?
False
Is 13387 composite?
True
Is 136961 a prime number?
False
Is 42281 composite?
False
Is 2521 a composite number?
False
Is 116507 prime?
True
Is 376843 prime?
False
Is 100761 prime?
False
Is 51149 prime?
False
Is 30367 a composite number?
False
Is 55589 composite?
False
Is 7309 prime?
True
Is 60793 prime?
True
Is 23419 prime?
False
Is 5747 a prime number?
False
Is 74653 a prime number?
True
Is 36653 a prime number?
True
Is 885877 a prime number?
False
Is 168137 a prime number?
False
Is 169399 prime?
True
Is 205039 composite?
True
Is 31345 prime?
False
Is 501103 composite?
False
Is 447817 a prime number?
True
Is 10223 prime?
True
Is 649183 a composite number?
False
Is 101191 composite?
True
Is 344635 prime?
False
Is 18883 composite?
True
Is 122081 prime?
True
Is 28319 prime?
True
Is 1018543 a composite number?
False
Is 24151 prime?
True
Is 147761 a composite number?
False
Is 4219 a composite number?
False
Is 3079 a prime number?
True
Is 2103683 prime?
True
Is 339463 composite?
True
Is 14621 a prime number?
True
Is 75659 prime?
True
Is 287539 composite?
True
Is 173839 prime?
True
Is 121 a composite number?
True
Is 995903 prime?
True
Is 6563 composite?
False
Is 750403 a composite number?
True
Is 388673 composite?
False
Is 1206407 prime?
True
Is 15259 prime?
True
Is 493707 a prime number?
False
Is 3930857 a composite number?
True
Is 26627 composite?
False
Is 62367 composite?
True
Is 29789 a prime number?
True
Is 24197 prime?
True
Is 738035 a prime number?
False
Is 82367 a composite number?
True
Is 62147 a composite number?
True
Is 633001 a composite number?
False
Is 22733 prime?
False
Is 3557 a composite number?
False
Is 113933 a prime number?
True
Is 16619 prime?
True
Is 2921 a prime number?
False
Is 12219 a composite number?
True
Is 13499 a prime number?
True
Is 23703 a prime number?
False
Is 1032319 a composite number?
False
Is 17509 composite?
False
Is 492035 prime?
False
Is 37607 composite?
False
Is 241221 a composite number?
True
Is 11567 composite?
True
Is 190738 a prime number?
False
Is 324941 a composite number?
False
Is 1123319 composite?
False
Is 703243 a composite number?
False
Is 4883 prime?
False
Is 2867 prime?
False
Is 625315 a prime number?
False
Is 31637 prime?
False
Is 65597 prime?
False
Is 158189 a prime number?
True
Is 219053 prime?
True
Is 16838 composite?
True
Is 2819 a composite number?
False
Is 95519 prime?
False
Is 1148087 composite?
False
Is 28643 a prime number?
True
Is 1367 a composite number?
False
Is 293 a prime number?
True
Is 77151 a prime number?
False
Is 7165 prime?
False
Is 136501 a prime number?
True
Is 20578 a prime number?
False
Is 17291 prime?
True
Is 960533 composite?
True
Is 9143 a composite number?
True
Is 222997 prime?
False
Is 479639 a composite number?
False
Is 17783 a composite number?
False
Is 304211 prime?
True
Is 683567 a composite number?
False
Is 8278 a prime number?
False
Is 48305 a composite number?
True
Is 145627 prime?
False
Is 178027 a composite number?
True
Is 35809 prime?
True
Is 69899 composite?
False
Is 32863 a composite number?
True
Is 178169 prime?
True
Is 131799 a prime number?
False
Is 120539 a prime number?
True
Is 580391 a composite number?
True
Is 54887 a composite number?
True
Is 1097 composite?
False
Is 121573 composite?
True
Is 44201 a composite number?
False
Is 47669 a composite number?
True
Is 23099 a prime number?
True
Is 26929 a composite number?
True
Is 508498 prime?
False
Is 6241 a composite number?
True
Is 56755 prime?
False
Is 47921 a composite number?
True
Is 146477 prime?
True
Is 9893 a prime number?
False
Is 3013 a prime number?
False
Is 11213 a composite number?
False
Is 42821 a composite number?
False
Is 12623 composite?
True
Is 1369 prime?
False
Is 32987 a composite number?
False
Is 23651 composite?
True
Is 1493878 a composite number?
True
Is 118633 composite?
False
Is 6805 prime?
False
Is 10391 prime?
True
Is 15661 prime?
True
Is 599191 composite?
False
Is 7933 composite?
False
Is 9527 a composite number?
True
Is 1